Suppose -2*o = 3*g + 23, 0 = 5*g + o + 3*o + 41. Let c(f) = -2 - 2*f + 2*f + f. Give c(g).
-7
Let q(k) = 2*k**2 + k + 1. Let o be q(-1). Let b be (-1)/(-1 - (-1)/2). Let m(r) = -r**b + 3*r**o - r**2 - r**3. Calculate m(1).
0
Let a be 0/(-2 + (-2 - -1)). Let m(g) be the second derivative of g**4/12 + g**3/6 - 13*g**2/2 + 7*g. Give m(a).
-13
Suppose -4*w = -20, -d - 2*d - 3*w = 12. Let b = 10 + d. Let z(n) = 4 - 3 - 12*n**3 + 4*n**3. Calculate z(b).
-7
Let p(s) = -s**3 + 3*s**2 - 6*s + 4. Let n(t) = -2*t**3 + 5*t**2 - 12*t + 7. Let j(y) = 3*n(y) - 7*p(y). What is j(5)?
-2
Let l(m) = 5*m**3 - 6*m**2 + 2*m - 3. Let b(a) = -14*a**3 + 17*a**2 - 5*a + 9. Let c(u) = -4*b(u) - 11*l(u). Calculate c(3).
0
Let n = 2 + 0. Let y(j) = 0*j**2 + 3*j**2 + 2*j - 3 - 2*j**n. Let p be (-3)/((-9)/(-6)) + 10/(-5). Determine y(p).
5
Suppose -2*q = -5*r - 4, -5*r - 2*q + 6 = q. Let h be (-1 + (-4)/(-3))*r. Let b(y) be the second derivative of -y**5/20 - y**3/6 + 3*y**2/2 - y. What is b(h)?
3
Let n(x) be the first derivative of -x**4/4 + x**3/3 + x**2/2 + 4*x + 11. Suppose -4*c = -20, 2*c = 5*z - 0*c - 35. Let d = -6 + z. Determine n(d).
-11
Let f(m) be the first derivative of 1/3*m**3 - 2*m + 2/3*m**4 - 3 + 1/2*m**2. Let y(a) be the first derivative of f(a). Determine y(-1).
7
Let i(o) = -2*o. Let m be 5/((-75)/9)*-5. What is i(m)?
-6
Let l(p) = 5*p**2 + 10*p - 2. Let g(k) = -k**3 + 11*k**2 - 10*k - 5. Let h be g(10). Let y(x) = -6*x**2 - 11*x + 1. Let r(s) = h*l(s) - 4*y(s). Determine r(-6).
6
Let t(z) = -z**2 - 3*z. Let k(h) = h**3 + 5*h**2 - 5*h + 6. Let u be k(-6). Let p be 0 + (4 - u - 1). Suppose -p*d - 12 = 4*g, 3*g + 4 = -d + 4*g. Give t(d).
-4
Let n(i) = -4*i + 12. Let h be n(5). Let q(c) = c**2 + 9*c + 11. Calculate q(h).
3
Let s = 65 + -63. Let w(j) = j**2 - 3*j - 1. Calculate w(s).
-3
Let x(c) = c**2 - c - 41. Let g be x(7). Let t(f) be the first derivative of 2*f + 1/3*f**3 + g - f**2. Determine t(2).
2
Let q(b) = 47 - 55 + b - 4*b. Let f(z) = 2*z + 5. Let h(g) = 7*f(g) + 5*q(g). Determine h(-6).
1
Let j = 2 - 2. Let z(u) be the third derivative of u**5/60 - u**4/24 + 3*u**3/2 + 4*u**2. What is z(j)?
9
Let z(b) = b + 1. Let p = -87 - -93. Give z(p).
7
Let o(h) = -h**2 + 5*h + 2. Suppose 4*a = -20 + 88. Let f = a - 7. Let s = f + -4. What is o(s)?
-4
Let q = 1 - 2. Let o(l) = -3*l**2 - l. Let b(z) = 7*z**2 + 2*z. Let v(s) = -4*b(s) - 7*o(s). Calculate v(q).
-6
Let m be (8/(-3))/((-26)/(-39)). Let g(w) = w**3 + 5*w**2 + 4*w - 2. What is g(m)?
-2
Let n(t) = -3*t**2 - 1. Let y = 60 + -61. Calculate n(y).
-4
Suppose -3*d = -i - 21, -8*d + 3*i = -4*d - 23. Let w = d + -11. Let r(x) = 3*x + 6. Let o(n) = -4*n - 7. Let q(s) = -4*o(s) - 5*r(s). Give q(w).
-5
Suppose 3*p = 11*p - 40. Let o(x) = x**3 - 6*x**2 + 5*x + 6. Give o(p).
6
Let a = 68 + -66. Let d(c) be the first derivative of 3/2*c**a - 1/3*c**3 - c - 2. Calculate d(3).
-1
Let l(d) = -3*d + 31. Let h(a) = -4*a + 46. Let w(s) = -5*h(s) + 7*l(s). Let p be w(-9). Let v be (-2 - p)*1/2. Let q(i) = -6*i**3 + 2*i**2 - i. Determine q(v).
-5
Let g(x) be the second derivative of x**6/360 + x**5/24 - x**4/6 + x**3/2 - 3*x. Let d(c) be the second derivative of g(c). What is d(-4)?
-8
Let f = 9 + -5. Let a be 7/f - (-2)/8. Let p = 2 - a. Let w(y) = y**3 + y - 1. What is w(p)?
-1
Let z(n) = -11*n**2 - 6*n - 5. Let k(v) = 5 + 7*v - 3 - 4*v + 5*v**2. Let l(r) = -9*k(r) - 4*z(r). Give l(-4).
-2
Let f(g) be the second derivative of g**3/2 - g**2 - 4*g. What is f(4)?
10
Let j(f) = f - 1. Let i(b) = -2*b**2 - 5*b + 3. Let a = -22 + 26. Let v(c) = a*j(c) + i(c). Determine v(-2).
-7
Let w(u) = -7*u**2 - 8*u - 5. Let n(p) = -4*p**2 - 5*p - 3. Let h(k) = -5*n(k) + 3*w(k). What is h(0)?
0
Let c(y) be the third derivative of -y**5/60 - y**4/24 - 12*y**2. Let z = -16 - -11. Let t(o) = -o**2 - 4*o + 3. Let r be t(z). Determine c(r).
-2
Let n be -3 + (3 + -4 - 1). Let y(g) = -2*g + 2. Let r(k) = -k + 1. Let w = 6 - 8. Let s(d) = w*y(d) + 3*r(d). Give s(n).
-6
Let t(p) = -3*p + 6*p - p - 2 + 1. Let n = 6 + -4. Let q = n - 4. Give t(q).
-5
Suppose 0 = -0*p - 4*p. Suppose -j - 4 = -p*j. Let r(q) = q**2 + 3*q. Give r(j).
4
Suppose 0*j - 12 = -3*j. Let m be j/26 - 324/78. Let t(l) = -l**2 - 6*l - 5. Determine t(m).
3
Suppose 0 = -5*p + 10 + 5. Let v(h) be the first derivative of 0*h + 3/2*h**2 - 1/3*h**3 - 1. Give v(p).
0
Let i(g) = -6*g - 1. Let l be ((-3)/(-9))/(1/(-3)). Determine i(l).
5
Suppose 5*v + h + h = 0, h + 5 = 0. Let n(c) = 4*c**2 + 6 - c - 2*c**v - 7 + 3*c**2. Suppose 0 = 3*d - 3*k + 9, 0 = -4*k + 6 + 2. Determine n(d).
5
Let z(v) = v**2 - 3*v - 2. Let w be z(3). Let h(i) = -i**3 - 3*i**2 - 3*i - 1. Let a be h(w). Let k(l) = -8*l - 1. Give k(a).
-9
Let q(d) = -11*d**2 + 32*d - 23. Let h(g) = -7*g**2 + 21*g - 15. Let m(f) = 8*h(f) - 5*q(f). Let t be -1 + 9 + 4*1/(-2). Calculate m(t).
7
Let m(q) be the third derivative of -q**4/8 - q**3/6 - 10*q**2. Determine m(-1).
2
Let m(i) be the second derivative of i**3/3 - 7*i**2/2 - 2*i. Let l(w) = -w**2 + 12*w - 15. Let v be l(10). What is m(v)?
3
Let t(x) = x**3 - x**2 - 3*x - 1. Suppose -b + 1 = 5*o + 2, 0 = 2*b + o + 11. Let r = b - -4. What is t(r)?
-7
Let j be (-1)/3*(-30)/5. Let s(f) = 0 + f**j + 4*f**2 + 1. What is s(1)?
6
Suppose 3*h - 5 = -4*m - 13, -3*h - m + 7 = 0. Suppose -3*l = 4*k - 19, -15 = 4*k + k - h*l. Let o(d) = -2*d + 1. Calculate o(k).
-1
Let n(g) = -g**3 - 3*g**2 - 2*g - 2. Let y be -2 + 1/((-3)/(-42)). Let x be 18/y*8/(-6). Determine n(x).
-2
Let p(w) = -w**3 - 3*w**2 + 2*w. Suppose -3*y - y = -304. Suppose 0 = 4*z - y - 72. Suppose 0 = 2*l - 10, 4*b - 7*l + z = -2*l. Calculate p(b).
-6
Let a = 1 - 1. Let w(y) = -y**2 - 3*y + y + 6*y**2 + 6 - y + y**3. Let p(c) = -2*c**3 - 9*c**2 + 5*c - 12. Let v(i) = -4*p(i) - 7*w(i). Determine v(a).
6
Let j(w) = w**3 + w + 6. Let q(f) = f**3 + 2*f**2 - 1. Let s be q(-1). Suppose h + 2*h = s. What is j(h)?
6
Let l(m) be the second derivative of 13*m**5/10 + m**3/6 + m**2/2 - 31*m. Determine l(-1).
-26
Let y(m) = -m + 10. Suppose 6*w + 5 = 7*w. Determine y(w).
5
Let g = -4 - -3. Let d(i) = -6*i**3 + 2*i**2 + 2*i + 1. Calculate d(g).
7
Let k(v) = -3*v + 3. Let c = -8 + -6. Let t = 18 + c. Calculate k(t).
-9
Let y(u) = 1 + 2*u + 5 - 3. Let l = -157 + 153. Calculate y(l).
-5
Let s(c) be the second derivative of -2*c**2 - 1/6*c**3 - c + 1/20*c**5 + 0 - 1/12*c**4. Give s(0).
-4
Suppose -3 = -h + 1. Suppose -h*l - 1 + 29 = 0. Let f = l + -9. Let t(w) = -w**3 - 3*w**2 - 2*w - 1. What is t(f)?
-1
Let u(g) be the second derivative of 1/3*g**3 + 2*g + 0 - g**2. Determine u(5).
8
Let u(s) = -2*s - 3. Let j(q) = q**3 + 7*q**2 + 9*q + 13. Let t be j(-6). What is u(t)?
7
Let f(u) be the second derivative of -1/3*u**3 + 0 + 9*u + 0*u**2. Give f(-5).
10
Let k(v) = 39*v**2 + 7*v + 4. Let n(u) = 13*u**2 + 2*u + 1. Let j(d) = -2*k(d) + 7*n(d). Calculate j(-1).
12
Let y = -153 + 150. Let d(k) = k**2 + 5*k + 3. Give d(y).
-3
Let k(m) be the first derivative of -m**4/24 + m**3/3 + m**2/2 + 8. Let q(u) be the second derivative of k(u). Suppose n + 0*n - 4 = 0. Give q(n).
-2
Let a(q) = q**2 - 8*q - 7. Let j be a(9). Let m(h) = 3*h - j + 3 + 1 - 1. Determine m(-3).
-8
Let p(w) = 25*w**2 - 2 - 1 + 1 - 24*w**2. Determine p(4).
14
Let b(x) = -x**3 + 3*x**2 + 5*x + 1. Let v be b(4). Let g(d) = 2*d + d**3 + v*d**2 + 2 + 0*d**3 - d**2. Let m be (-26)/8 - (-3)/12. Calculate g(m).
5
Let c(s) = 1. Let y(f) = -f - 9. Let z(m) = 6*c(m) + y(m). Calculate z(-6).
3
Let t(r) = r**2 + 1. Let q(x) = 4*x**2 + 6. Let z(b) = -3*b**2 - 5. Let o(h) = -3*q(h) - 2*z(h). Let c(l) = -2*o(l) - 14*t(l). What is c(-2)?
-6
Let q be 0 + 0/(-3 - -1). Let b(o) be the second derivative of -o**5/20 - o**4/12 + 7*o**2/2 + 5*o. What is b(q)?
7
Let o(y) = y**2 + y - 2. Let l be o(-2). Let c(r) be the second derivative of 1/6*r**3 + 2*r + 0 - 9/2*r**2. What is c(l)?
-9
Let l(y) = y + 4. Let p(g) = -g - 3. Let r(u) = 3*l(u) + 2*p(u). What is r(0)?
6
Suppose 14 = -3*v - 4. Let i(d) = -20*d**3 + 2*d**2 + 24*d + 27. Let h(m) = 7*m**3 - m**2 - 8*m - 9. Let z(f) = 17*h(f) + 6*i(f). Calculate z(v).
-3
Let m = 15 - 13. Let z(y) = 3*y - 1. Let n(x) = 8*x - 4. Let t(c) = -3*n(c) + 10*z(c). Determine t(m).
14
Let v(g) = -g**3 + 4*g**2 + 4*g - 2. Let n be 5/(20/8) + 0. Suppose t - 15 = -n*t. Dete